 v(6).
17
Let t be ((-2)/(-6))/((-7)/21). Let s(d) = -18*d + 2. Give s(t).
20
Let x(v) = -16*v + 9 + 25*v - 11*v. Let j be 6/(4/(-2)) - 0. Let f be 5/15 - 17/j. Calculate x(f).
-3
Let s(z) = 9*z + 8. Let n(m) = 26*m + 23. Let r(b) = -6*n(b) + 17*s(b). Let v be 3/(-15) + (-14)/5. Give r(v).
7
Let d(h) = -4*h**2 - 3*h - 3. Let b = -32 + 35. Suppose -b*z - 7 = -a, 5*a + 2*z + 0*z = -16. Determine d(a).
-13
Let h(u) = -u**2 + 5*u + 5. Let t be h(5). Let x be 1/(t - 145/30). Let i(n) = -n**3 + 7*n**2 - 4*n - 5. Calculate i(x).
7
Let k(u) = -5*u + 14. Suppose 0*l = 2*l + a - 1, 5*l + 5*a + 5 = 0. Let d(h) = 16*h - l*h - 18 - 30 + 7. Let f(j) = -4*d(j) - 11*k(j). Calculate f(0).
10
Let u(d) = d + 10. Suppose -g - 3 = 5. Let l be u(g). Let o(s) = s**l + 7*s - 5 + 3 + 1. Determine o(-7).
-1
Let y(a) be the third derivative of a**8/6720 - a**7/840 - a**6/720 - a**5/40 - a**4/8 - 15*a**2. Let p(d) be the second derivative of y(d). Determine p(3).
-6
Let z(d) = -d. Let r(i) = 1. Let l(w) = w + 1. Let o(h) = -l(h) + r(h). Let a(m) = -5*o(m) + 3*z(m). What is a(-1)?
-2
Let i(j) = 5*j - 15. Let f(r) = 2*r - 2. Let w(k) = -2*f(k) + i(k). Give w(11).
0
Suppose -19*g = -43*g - 168. Let z(i) = -i**3 - 7*i**2 + 3*i + 8. Determine z(g).
-13
Let l(z) = z**2 - 2*z - 2. Let p(t) = -30*t + 81*t - 4 - 26*t - 26*t. Let i be p(-8). What is l(i)?
6
Let i(y) be the second derivative of -y**3/2 - 4*y**2 + 35*y. Give i(6).
-26
Let g be (54/(-15) - -3)/(12/(-120)). Let d(u) = -u**3 + 6*u**2 + u + 8. Calculate d(g).
14
Let m(r) = -14*r**3 + 2*r**2 - 39*r - 35. Let a(x) = 5*x**3 - x**2 + 14*x + 12. Let u(t) = 17*a(t) + 6*m(t). Determine u(4).
-6
Let i be (-10)/3*12/(-5). Suppose k = 4, i*h - 3*h = -2*k + 13. Let z(a) = 1519*a + 1 - 1 - 1522*a. What is z(h)?
-3
Let r(q) = q**3 + 8*q**2 - 9*q - 1. Let m be (72/(-14))/(3/14). Let z = 15 + m. Determine r(z).
-1
Suppose -l = -5*m - 2*l + 15, l = 2*m - 6. Let o(c) = -c + 6 + 5*c**2 - 4*c**2 - m*c - 2*c. Suppose 0*r - 4*w + 4 = 2*r, -2*r = -w - 9. Determine o(r).
-2
Suppose 4*m - 11 = 3*t, -19*t = -21*t + m + 1. Let h(x) = -5*x**2 + 7*x - 4 + 4*x**2 + 3. Give h(t).
11
Let h(c) be the third derivative of -3*c**2 - 1/24*c**4 + 0*c + 0 - 1/120*c**6 - 1/3*c**3 + 1/60*c**5. Determine h(-2).
12
Let k(s) = -s**3 - 5*s**2 + 4*s + 8. Suppose -m = 4*d - 8, 2*m + 5*d - 21 = -2*m. Suppose 0 = -2*q - 8, 24 + 8 = -m*n - 2*q. Give k(n).
20
Suppose j - 4*r = 6, r - 56 = -2*j - 2*r. Suppose 3*o - 4 = -4*u + 16, -3*u + j = 4*o. Let f(w) = -3*w**3 + w**2 + 3 - 4*w - 4 + o*w**3. Give f(-3).
-7
Let i(h) = 2*h + 9 + 54*h**3 + 5*h**2 + h**2 - 53*h**3. Let r(g) = g**2 + 16*g + 12. Let k be r(-14). Let j = -22 - k. Give i(j).
-3
Let s = -150 + 155. Let w be s/2*-1*18/15. Let l(q) = -q**3 - 5*q**2 - 5*q - 2. What is l(w)?
-5
Suppose -3*u = -2*g - 8, -3*g + 10 = -3*u + 4*u. Let l(j) = 5*j - 4*j - g*j. Suppose 0 = -2*z - z - 3. Calculate l(z).
1
Suppose 71 = 2*h + 65. Let t(p) = 166*p - 164*p + 4 + 0*p**h - p**3. Let l(x) = -x**3 + 5*x**2 - 3*x - 1. Let v be l(4). Determine t(v).
-17
Suppose -7*g + 17 = 3. Let m(i) = i**g + 6 + 5*i**2 - 7*i**2 - 6*i. Give m(-7).
-1
Let i(k) = 5*k**2. Suppose -4*s + 9 = 2*v - 1, -5*s = 4*v - 32. Suppose -17*j = -v*j - 4. Determine i(j).
5
Let x(a) = -a**2 + 4*a + 5. Let u(s) = s**3 - 8*s**2 - 5*s + 18. Let l be u(9). Suppose -l = -10*n - 4. Determine x(n).
0
Let g(n) = -3*n**2 + 38*n + 112. Let f(o) = -2*o**2 + 25*o + 75. Let c(s) = 8*f(s) - 5*g(s). Give c(13).
1
Let j(v) be the first derivative of -v**3/3 + v - 6. Let s(l) = l**3 + 3*l**2 - 4*l**2 - 5*l - 12 + 0*l**2. Let k(h) = 4*j(h) + s(h). What is k(6)?
-2
Let t(s) = 6725*s - 3368*s - 3368*s. Determine t(5).
-55
Let y(j) = -3*j + 17. Let u(x) = -3*x**2 + 15*x - 2. Let i be u(5). Let t(v) = v - 5. Let a(z) = i*y(z) - 7*t(z). Determine a(3).
-2
Let z(j) be the first derivative of -j**2/2 - 6*j + 3. Let r = -7 - 0. Determine z(r).
1
Let o(d) = d**3 - 6*d**2 + 5*d - 5. Let l(y) = -y**2 + 7*y - 13. Let h be l(6). Let n(t) = -t**2 - 6*t + 12. Let j be n(h). What is o(j)?
-5
Let a(i) be the first derivative of i**2/2 + 2. Let m be ((-15)/(-3))/(2 - (3 + 0)). Determine a(m).
-5
Let h(q) = 65 - 22 - q**3 - 2*q - 19 - q**2 - 22. Determine h(-3).
26
Let z(s) = -1 + s**2 - s**2 + 4*s + s**3 - 3*s. What is z(-2)?
-11
Let k(l) = 13*l - 30. Let s(w) = -9*w + 14. Let x(t) = 6*k(t) + 13*s(t). What is x(1)?
-37
Let i(l) = 8*l**3 - 14*l**2 + 46*l + 7. Let h(r) = -7*r**3 + 13*r**2 - 40*r - 7. Let d(g) = 7*h(g) + 6*i(g). Determine d(6).
5
Let t(n) = 3*n + 2. Let x(i) = 65*i + 45. Let r(j) = -j**3 - 8*j**2 + 11*j + 20. Let b be r(-9). Let d(c) = b*x(c) - 45*t(c). Let a = 8 + -11. Determine d(a).
15
Let x(f) = f + 1. Let p be x(4). Suppose 2 = -12*b + 2. Let z(v) = -9318*v - 6 + 9320*v + b. Determine z(p).
4
Let x(z) be the second derivative of -7*z**5/20 + z**4/4 - z**3/6 + z - 2. Calculate x(1).
-5
Let v(h) = -3*h**2 + 2*h. Let s be 0 + 2 - 0/(-6). Let y be 44/14 - 3/21. Let l(g) = 3*g**2 - 3*g. Let x(b) = s*l(b) + y*v(b). Give x(1).
-3
Let t(u) = -27*u + 1. Let j = 190 + -189. Calculate t(j).
-26
Suppose -2*k = -7*c - 25, 2*k = 3*k - c - 5. Let f(v) = 5*v - 3. What is f(k)?
7
Let z(g) = -18*g**2 + g + 64*g**2 - 26*g**2 - 14*g**3 - 21*g**2. Suppose 0 = -j + 3*f + 1, -j - 3 = f - 4. Determine z(j).
-14
Let r be -18*(2 + 8/(-6)). Let z = -11 - r. Suppose 4*d + 5 = z. Let q(p) = p**3 - p**2 + p + 1. Calculate q(d).
-2
Let c(i) = -i. Let b(v) = -v. Let k(q) = -b(q) - 4*c(q). Let s(x) = x. Let m(l) = 4*k(l) - 15*s(l). What is m(2)?
10
Let a(n) be the first derivative of n**5/60 - n**4/8 - n**3/3 - 13*n**2/2 - 1. Let j(h) be the second derivative of a(h). Let v = 17 - 12. What is j(v)?
8
Let g(v) be the second derivative of v**4/24 - v**3/6 + v**2/2 + 2*v. Let f(k) be the first derivative of g(k). What is f(-8)?
-9
Let b be (-4)/((-16)/(-28))*1. Let w(r) = -2*r + 2. Let f(h) = -h + 1. Let s(u) = b*f(u) + 3*w(u). Let z = -16 + 18. Give s(z).
1
Let p(n) = 4*n**2 - n - 1. Let v = -331 - -329. Give p(v).
17
Let x(p) = p. Let d(b) = -22*b + b**3 + 0 + 20*b - b**2 + 3*b**2 + 1. Let i be d(-2). Suppose 4*q - i*m + 14 - 58 = 0, -2*q + 2*m + 20 = 0. Give x(q).
6
Let a(d) = -13*d + 1. Let o = 27 + -28. Determine a(o).
14
Suppose h - 3 = -0*h. Let l(k) = -k**h + 5*k - 4*k + 3 + 2*k. Determine l(-2).
5
Suppose -3*p + 13 = -x, 0 = -4*p - x + 3*x + 20. Suppose p*r - 18 = -3*r. Let y(c) = -c + 1. Calculate y(r).
-2
Suppose 0 = -4*j + 14 + 6. Suppose -2 = -4*i + 10. Let q(n) = 0 - n**2 - i - 1 + j. Give q(-1).
0
Let g = -48 - -66. Let y(u) = u**3 - 4*u**2 - 3*u - 6. Let a be y(5). Suppose g = a*r - r. Let j(o) = -o + 3. Determine j(r).
-3
Let d(l) = -10*l - 2. Suppose -5*w = 3*i - 29, -3*i = -4*w + i + 4. Give d(w).
-42
Let a = 41 + -37. Let k(l) = -a*l**2 - 1 + 7*l - 3*l**2 + 8*l**2 - 2*l**2. Determine k(6).
5
Let a = -126 + 90. Let t be (-90)/a*(-1 - 1). Let h(j) = -j**2 - 5*j - 6. Give h(t).
-6
Let p(h) = 3*h + 1. Let q be (-3 - -1)*(0 - -8). Let g be (2/4)/(4/q). Let f be (5 + -4)*-1*g. Give p(f).
7
Let l(a) = -16*a - 48. Let o(u) = -3*u - 10. Let i(s) = 2*l(s) - 11*o(s). Give i(-9).
5
Let i = 71/24 + -21/8. Let b(k) be the second derivative of 3*k + 0 + i*k**3 + 7/2*k**2. Determine b(-6).
-5
Let s(q) = 11*q**2 + q**3 - 7*q - 3 + 2*q**2 - 23*q**2 + 7*q**2. Give s(-2).
-9
Let a(m) = m**2 + 1. Let d be a(2). Suppose 0*x - 3*f - 5 = 4*x, -10 = d*x + 5*f. Let i be 1/(-3*x/(-18)). Let u(o) = -o**2 + 7*o - 3. Calculate u(i).
3
Let l(s) = 4*s - 3 + 6*s - 3 - 11*s. Let w be l(-10). Let h(d) = -d**3 + 6*d**2 - 4*d + 1. Give h(w).
17
Let f = -6 - -8. Suppose 4*p + f = 6*p. Let h(r) = 3 - p - 2 + r + 4. Calculate h(-4).
0
Let v(z) = 5*z**3 + 3*z**2 + 3*z + 12. Let g(d) = -6*d**3 - 4*d**2 - 5*d - 15. Let t(b) = 4*g(b) + 5*v(b). Determine t(3).
3
Let s(h) = h**3 + 20*h**2 + 19*h + 4. Suppose 0 = 5*t - i - 4 + 100, i + 94 = -5*t. Calculate s(t).
4
Let q(o) = o**2 + 9*o + 1. Suppose -15*n = -11*n - 16. Suppose 10 = 11*m - 12*m - n*y, 4*m + 23 = y. What is q(m)?
-17
Let b be (-1 - -2)/(2/(-10)). Let w(c) be the second derivative of -c**4/12 - 5*c**3/6 + c**2 + 81*c. What is w(b)?
2
Let k be (-12 - (-4 - -6)) + (5 - 2). Suppose -5 - 6 = -n. Let u = n + k. Let d(p) = -p - 7. Calculate d(u).
-7
Let n = -128 + 131. Let p(z) = -